ivisor of d and 7.
1
Suppose 3*q = 3*n + 90, 0*q + 4*n = 2*q - 58. Calculate the highest common factor of q and 279.
31
Let x = 130 + -66. Let h(y) = -y**3 + 7*y**2 + y + 1. Suppose -f = 3*f - 28. Let r be h(f). Calculate the highest common factor of r and x.
8
Let b(u) = -u**2 + 9*u - 3. Let w be b(7). Suppose -2*s - 268 = -3*x, -s - 16 = -4*x + 338. What is the greatest common factor of w and x?
11
Suppose -3*i - 8 = -7*i. Let f be i/((-123)/(-39) - 3). Calculate the highest common factor of 52 and f.
13
Let p(g) = -g**3 + 4*g**2 + 2*g - 5. Let t be p(4). Let l(h) = 33*h - 1. Let q be l(t). Let d = -17 + q. Calculate the highest common factor of d and 9.
9
Let k be (280/(-15))/(2/(-9)). Suppose -2*s + 0*s - 54 = 0. Let c = -6 - s. What is the greatest common factor of k and c?
21
Let k(a) = -a + 1. Let m be k(-6). Let g be (-1 - 2)*315/(-27). Calculate the greatest common factor of m and g.
7
Let r(s) = 3*s**2 - 7*s - 1. Let q be r(3). Let m(t) = 3*t - 3. Let j be m(6). What is the highest common divisor of j and q?
5
Let s(i) = i + 10. Let r be s(8). Let l = 39 - r. Calculate the highest common factor of l and 63.
21
Suppose 0 = 8*v - 129 - 103. What is the greatest common divisor of 232 and v?
29
Suppose -3*f = -n - 14 - 77, 153 = 5*f - 3*n. What is the greatest common divisor of f and 45?
15
Suppose -3*q = -7*q + 32. Let k be (3/(-2))/((-6)/q). Let h(z) = z + 16. Let y be h(-14). Calculate the highest common factor of y and k.
2
Let z(t) = t - 3. Let q be z(5). Suppose q*y - 9 = 9. Let i = y - 3. Calculate the highest common factor of 48 and i.
6
Let q be 6/(-9) + (-260)/15. Suppose t + 2 - 10 = 0. Let a be 2/(-8) - q/t. Calculate the greatest common factor of a and 3.
1
Suppose -3*h - 96 = -5*l, -24 = -2*l - 3*h + 6. Calculate the greatest common divisor of 126 and l.
18
Suppose -2*s - 4*l - 682 = 0, 3*s + 3*l - 7*l = -1013. Let j = 483 + s. What is the greatest common divisor of j and 18?
18
Let n = 6 + -4. Suppose 5*d - 22 = 2*t, n*d - 3*t - 8 = -2*t. Calculate the greatest common factor of d and 4.
2
Suppose 0*d = 2*d - 10. Suppose d*i - s - 269 = 0, -i + 3*s = s - 52. What is the highest common factor of 36 and i?
18
Let t be 79/1 - (5 + -3). Let p = 3 - -1. Suppose -p*w + 22 = -22. What is the highest common factor of w and t?
11
Let z = -50 - -76. Calculate the greatest common factor of z and 13.
13
Suppose 0 = c + 4*c - 455. What is the greatest common factor of 26 and c?
13
Suppose -3*t + 0*r + 42 = 3*r, 0 = 3*t - 3*r - 66. Calculate the highest common factor of 9 and t.
9
Suppose -x = x - 10. Let w(i) = 4*i + 7. Let s be w(x). What is the greatest common divisor of s and 18?
9
Let r(c) = c**3 - 3*c**2 - c + 3. Let o be r(3). Let s = o + 5. What is the greatest common factor of 1 and s?
1
Let a = 8 + -14. Let w = 0 - a. What is the greatest common divisor of 15 and w?
3
Let m be 1*(1*12 + 3). Suppose -y = -l - 2, -1 = -3*l - y + 13. Let t = m - l. Calculate the highest common divisor of 132 and t.
12
Let k be (-2)/8*-79*4. Let v be (-4)/14 + k/7. Let a be (-10)/5 + 3 - -54. Calculate the highest common divisor of a and v.
11
Let f = 1 - -4. Let y(v) = -v**3 + 3*v**2 + v - 2. Let n be y(3). Let t(c) = c + 1. Let b be t(n). Calculate the greatest common divisor of f and b.
1
Let g = -159 + 429. What is the greatest common factor of g and 30?
30
Let s(j) = j + 46. Let x be s(-16). Suppose 31 - 91 = -5*a. What is the greatest common factor of x and a?
6
Let r be 1/(-4) - (-455)/28. What is the highest common divisor of r and 112?
16
Let q = 9 - -87. What is the greatest common factor of 12 and q?
12
Let z be (2/4)/(1/6). Suppose -8*c = -z*c - 45. Suppose -3*r = 2*r - 180. Calculate the greatest common factor of r and c.
9
Let j(n) = 1 + 8*n**2 + 14*n**2 + 5*n - 5*n. Let h be j(-1). What is the greatest common factor of h and 253?
23
Let u = 36 - 11. What is the highest common divisor of u and 50?
25
Suppose 17 = -5*c - 4*j, 4*j - 5*j = 3. Let m(b) = -39*b + 1. Let h be m(c). What is the highest common factor of 10 and h?
10
Suppose -39*d + 48*d - 1152 = 0. Calculate the greatest common divisor of d and 48.
16
Let y = 51 + -21. What is the highest common divisor of y and 50?
10
Suppose 2*h = -0*h + 64. Calculate the greatest common divisor of 80 and h.
16
Suppose -2*t - 313 - 337 = 0. Let u = t + 496. What is the greatest common factor of u and 19?
19
Let l(v) = -v + 9. Let n be l(12). Let r(j) = -j**2 - 6*j + 1. Let p be r(n). Calculate the greatest common divisor of p and 4.
2
Let j be ((-66)/(-15) - 4)*75. Let t(z) = 0*z + 0*z + 2*z + 4. Let m be t(4). Calculate the greatest common factor of j and m.
6
Let k(m) = 2*m + 1. Let c(n) = -n**2 + 7*n - 4. Let j be c(6). Let o be k(j). Suppose -63 = 2*v - o*v. What is the greatest common factor of 3 and v?
3
Suppose 2*z = -0*z + 5*w - 5, 2*z + 3 = 3*w. Let l = 9 - z. Suppose 0 = -2*t + 167 + l. What is the greatest common factor of t and 8?
8
Let o(h) = 12*h. Let f be (4/(-6))/((-4)/18). Let k be o(f). Suppose -k = -2*v - 0*v. Calculate the highest common divisor of 12 and v.
6
Let u be (1 - 2)/(1/(-4)). Suppose 3*k - u*k + 55 = 0. What is the highest common factor of k and 11?
11
Suppose c + 2*c = -4*u + 19, 0 = -5*c + 2*u + 75. What is the greatest common divisor of c and 104?
13
Let c be (-8)/(-24) + 362/3. What is the greatest common divisor of c and 11?
11
Suppose 536 = 5*h + 156. Suppose 5*l + 1 = h. Let c(w) = 2*w**2 - 6*w - 6. Let y be c(6). Calculate the highest common factor of y and l.
15
Let a(x) = x + 30. Let n be a(-9). Calculate the highest common divisor of 21 and n.
21
Let n be (12 + 0)/(33/110). Calculate the highest common divisor of n and 20.
20
Let k be (0*(-2)/4)/2. Let q = k - -48. Calculate the greatest common factor of q and 6.
6
Suppose 4*k - 137 = 5*u, 169 = 5*k - 0*k - 4*u. What is the greatest common factor of k and 33?
33
Let o = 18 + 28. What is the highest common factor of o and 184?
46
Let c = 20 - 14. What is the greatest common divisor of 6 and c?
6
Suppose 0 = -2*w + 4. Suppose -3*m - w*m + 135 = 0. Let v = 65 - 56. Calculate the greatest common factor of v and m.
9
Let k = -218 - -438. What is the greatest common divisor of 20 and k?
20
Let x(d) = d**2 - 3*d - 6. Let q be x(6). Suppose -2*w + 10 = 0, -4*w + 26 = -0*f + f. What is the greatest common divisor of f and q?
6
Suppose 83 = 4*s - 241. Suppose 2*n - s = -n. What is the greatest common factor of n and 3?
3
Suppose 36 = -5*p + 7*p. Let c = -240 + 438. Calculate the greatest common divisor of p and c.
18
Let u = 108 - 60. Calculate the greatest common divisor of 16 and u.
16
Suppose 2*l + 0*l + 528 = 3*w, 0 = 5*l. Let v be 16/3*((6 - 6) + 3). What is the highest common factor of w and v?
16
Let f = -200 - -347. Let t(o) = -5*o - 4. Let k be t(-5). Calculate the highest common divisor of f and k.
21
Let z(t) = 2*t**2 - 12*t - 9. Let l be z(10). Suppose 2 = 2*f - 0, 0 = 3*d - f - l. What is the greatest common factor of 6 and d?
6
Let t = -8 - -10. Let j(z) = -15*z**3 - z**t - 4*z**3 - z - 11*z**3. Let s be j(-1). What is the greatest common factor of s and 75?
15
Suppose -6*h - 2 = -32. Suppose -l = -2*m + 6, 0*m - 2 = 2*m + 3*l. Let i be (h/2)/(m/4). Calculate the highest common factor of 25 and i.
5
Let f be (-2)/((-5 - -4)/36). Calculate the greatest common factor of f and 18.
18
Suppose 2*r - 16 = 40. Calculate the highest common divisor of r and 42.
14
Suppose h - 2*h + 4*g + 20 = 0, -17 = -4*h - 5*g. Suppose -5*x + 125 = 5*s, 4*x = -s + 8*x + 20. What is the highest common factor of h and s?
8
Let t(n) = 2*n**2 - 4*n - 1. Let s be t(3). Suppose 0*h + s = -h. Let a be (-18)/10*h/1. What is the greatest common factor of a and 27?
9
Let g be 4*-1*(-3)/4. Suppose 3*k = -6*f + g*f + 45, -2*f + 31 = k. What is the greatest common divisor of f and 24?
8
Let u be (95 + -4)/(2/(-6)). Let o = u + 635. Suppose -4*z - 89 = -k - 5*z, o = 4*k + z. Calculate the greatest common divisor of k and 13.
13
Let t = 5 + 1. Suppose -k + 5*k = -4, 3*m = 2*k + 164. What is the highest common factor of t and m?
6
Let p = 454 - 262. Calculate the greatest common divisor of p and 16.
16
Let m = 3 - 2. Suppose -5 = 2*g + m, 2*v - 4*g - 54 = 0. Suppose 5*i - 108 = 3*f, i - 20 = -0*i - f. Calculate the highest common